{"id":2061,"date":"2021-05-26T00:06:25","date_gmt":"2021-05-26T00:06:25","guid":{"rendered":"http:\/\/abibcor.org.ar\/portalbibliotecaspopularescba\/?page_id=2061"},"modified":"2021-06-01T17:42:50","modified_gmt":"2021-06-01T17:42:50","slug":"organismos","status":"publish","type":"page","link":"https:\/\/abibcor.org.ar\/portalbibliotecaspopularescba\/organismos\/","title":{"rendered":"Organismos"},"content":{"rendered":"<p><strong><span style=\"color: #ff0000;\">Agencia C\u00f3rdoba Cultura.<\/span><\/strong> Cultura.cba es el lugar donde vas a encontrar toda la oferta de actividades y eventos de nuestros museos, centros culturales, teatros y el rico patrimonio hist\u00f3rico que dependen del Gobierno de la Provincia de C\u00f3rdoba.<\/p>\n<p><strong><span style=\"color: #ff0000;\">P\u00e1gina web:\u00a0<\/span><a href=\"https:\/\/cultura.cba.gov.ar\/\">https:\/\/cultura.cba.gov.ar\/<\/a><\/strong><\/p>\n<hr \/>\n<p><span style=\"color: #ff0000;\"><strong>Asociaci\u00f3n Bibliotecarios de C\u00f3rdoba.<\/strong> <\/span>Asociaci\u00f3n civil, sin fines de lucro, con domicilio legal en la ciudad de C\u00f3rdoba. Son sus objetivos: a) Servir de v\u00ednculo a los profesionales de la Bibliotecolog\u00eda y la Documentaci\u00f3n, de la provincia de C\u00f3rdoba. b) Procurar una mayor capacitaci\u00f3n a sus asociados. c) Promover la profesi\u00f3n del Bibliotecario, Bibliotec\u00f3logo y Licenciado en Bibliotecolog\u00eda y Documentaci\u00f3n, ante los organismos oficiales y privados.d) Mantener relaciones con entidades afines del pa\u00eds y del extranjero.<\/p>\n<p><strong><span style=\"color: #ff0000;\">P\u00e1gina web:<\/span><\/strong>\u00a0<strong><a href=\"https:\/\/abibcor.org.ar\/\">https:\/\/abibcor.org.ar\/<\/a><\/strong><\/p>\n<hr \/>\n<p><strong><span style=\"color: #ff0000;\">Biblioteca Provincial de Maestros.<\/span><\/strong> Direcci\u00f3n General de Desarrollo Curricular, Capacitaci\u00f3n y Acompa\u00f1amiento Institucional. Ministerio de Educaci\u00f3n de la Provincia de C\u00f3rdoba., C\u00f3rdoba, Argentina. Direcci\u00f3n: Santa Rosa 751- Piso 2. Tel\u00e9fono: 0351-4332393. Correo electr\u00f3nico: biblioteca.bpm@gmail.com<\/p>\n<p><strong><span style=\"color: #ff0000;\">P\u00e1gina web:\u00a0<\/span><\/strong><a href=\"http:\/\/bibliotecabpm.blogspot.com\/\">http:\/\/bibliotecabpm.blogspot.com\/<\/a><\/p>\n<hr \/>\n<p><span style=\"color: #ff0000;\"><strong>CONABIP.<\/strong> <\/span>La Comisi\u00f3n Nacional de Bibliotecas Populares (CONABIP) es un organismo dependiente del Ministerio de Cultura de la Naci\u00f3n que fomenta el fortalecimiento de las Bibliotecas Populares como organizaciones de la sociedad civil e impulsa su valoraci\u00f3n p\u00fablica como espacios f\u00edsicos y sociales relevantes para el desarrollo comunitario y la construcci\u00f3n de ciudadan\u00eda.\u00a0 Tiene como funciones orientar y ejecutar la pol\u00edtica gubernamental, a trav\u00e9s de un modelo de gesti\u00f3n asociado, que favorezca la consolidaci\u00f3n del car\u00e1cter aut\u00f3nomo de este movimiento social \u00fanico que tiene casi 2.000 bibliotecas y 30.000 voluntarios y voluntarias que, a lo largo y a lo ancho del pa\u00eds, trabajan por el bien com\u00fan desde 1870.<\/p>\n<p><strong><span style=\"color: #ff0000;\">P\u00e1gina web:\u00a0<\/span><a href=\"https:\/\/www.conabip.gob.ar\/\">https:\/\/www.conabip.gob.ar\/<\/a><\/strong><\/p>\n<hr \/>\n<p><strong><span style=\"color: #ff0000;\">Escuela de Bibliotecolog\u00eda. FFyH-UNC.<\/span> <\/strong>Escuela de Bibliotecolog\u00eda dependiente de la Facultad de Filosof\u00eda y Humanidades de la Universida de C\u00f3rdoba creada el 3 de mayo de 1960.<\/p>\n<p><strong><span style=\"color: #ff0000;\">P\u00e1gina web:<\/span><\/strong>\u00a0<a href=\"https:\/\/ffyh.unc.edu.ar\/grado\/escuela-de-bibliotecologia\/\">https:\/\/ffyh.unc.edu.ar\/grado\/escuela-de-bibliotecologia\/<\/a><\/p>\n<p><strong><span style=\"color: #ff0000;\">Blog:\u00a0<\/span><\/strong><a href=\"https:\/\/blogs.ffyh.unc.edu.ar\/bibliotecologia\/\">https:\/\/blogs.ffyh.unc.edu.ar\/bibliotecologia\/<\/a><\/p>\n<hr \/>\n<p><strong><span style=\"color: #ff0000;\">FEBIPO C\u00f3rdoba (Federaci\u00f3n de Bibliotecas Populares de la Provincia de C\u00f3rdoba)<\/span><\/strong><\/p>\n<p>Asociaci\u00f3n sin fines de luvro que agrupa a las bibliotecas populares de la provincia de C\u00f3rdoba, con la finalidad de organizar encuentros de capacitaci\u00f3n de dirigentes y bibliotecarios, incluyendo temas de actualidad bibliotecol\u00f3gica a trav\u00e9s de encuentros provinciales anuales. Asesora en cuestiones administrativas, contables, legales, etc. y promueve BP en la provincia, acompa\u00f1ando la formaci\u00f3n de nuevas bibliotecas. Conforme al estatuto social, los objetivos de FEBIPO son los siguientes: ejercer representaci\u00f3n de las instituciones que la componen, ayudar al cumplimiento de las normas vigentes y propender al dictado de nuevas que favorezcan el desarrollo de las bibliotecas populares, vincular a las instituciones asociadas, propiciar un apoyo financiero estable y de permanente actualizaci\u00f3n por parte del Estado y difundir y promover la labor de las bibliotecas populares de la provincia de C\u00f3rdoba.<\/p>\n<p><strong><span style=\"color: #ff0000;\">Facebook:\u00a0<\/span><\/strong><a href=\"https:\/\/www.facebook.com\/febipo.mabel.7\">https:\/\/www.facebook.com\/febipo.mabel.7<\/a><\/p>\n<hr \/>\n<p><strong><span style=\"color: #ff0000;\">IPJ. Direcci\u00f3n de Inspecci\u00f3n de Personas Jur\u00eddicas.<\/span><\/strong> Dependiente del Ministerio de Asuntos Institucionales y Desarrollo Social. Tiene a su cargo las funciones atribu\u00eddas al Registro P\u00fablico de Comercio de acuerdo a lo establecido por el C\u00f3digo de Comercio. Tambi\u00e9n tiene a su cargo la fiscalizaci\u00f3n de las sociedades por acciones; de las sociedades constitu\u00eddas en el extranjero que hagan ejercicio habitual de actos comprendidos en su objeto social en la Provincia de C\u00f3rdoba, establezcan sucursales, asiento o cualquier otra especie de representaci\u00f3n permanente, constituyan sociedades o adquieran participaci\u00f3n en sociedades en el pa\u00eds; de las sociedades que realicen operaciones de capitalizaci\u00f3n y ahorro, de los fondos comunes de inversi\u00f3n y de las y de las asociaciones civiles. En todos los casos a fin de asegurar el cumplimiento de las normas legales y resguardar e inter\u00e9s p\u00fablico.<\/p>\n<p><strong><span style=\"color: #ff0000;\">P\u00e1gina web:<\/span><\/strong>\u00a0<a href=\"https:\/\/ipj.cba.gov.ar\/\">https:\/\/ipj.cba.gov.ar\/<\/a><\/p>\n<p><strong><span style=\"color: #ff0000;\">Canal de YouTube:<\/span><\/strong>\u00a0<a href=\"https:\/\/www.youtube.com\/channel\/UCw94qWwcH5ET0Cippl_RBsQ\/featured\">https:\/\/www.youtube.com\/channel\/UCw94qWwcH5ET0Cippl_RBsQ\/featured<\/a><\/p>\n<hr \/>\n<p>&nbsp;<\/p>\n<hr \/>\n<p>&nbsp;<\/p>\n","protected":false},"excerpt":{"rendered":"<p>Agencia C\u00f3rdoba Cultura. Cultura.cba es el lugar donde vas a encontrar toda la oferta de actividades y eventos de nuestros museos, centros culturales, teatros y el rico patrimonio hist\u00f3rico que dependen del Gobierno de la Provincia de C\u00f3rdoba. P\u00e1gina web:\u00a0https:\/\/cultura.cba.gov.ar\/ <a href=\"https:\/\/abibcor.org.ar\/portalbibliotecaspopularescba\/organismos\/\" class=\"read-more\">Leer m\u00e1s&#8230;<\/a><\/p>\n","protected":false},"author":3,"featured_media":0,"parent":0,"menu_order":0,"comment_status":"closed","ping_status":"closed","template":"","meta":{"footnotes":""},"class_list":["post-2061","page","type-page","status-publish","hentry"],"_links":{"self":[{"href":"https:\/\/abibcor.org.ar\/portalbibliotecaspopularescba\/wp-json\/wp\/v2\/pages\/2061","targetHints":{"allow":["GET"]}}],"collection":[{"href":"https:\/\/abibcor.org.ar\/portalbibliotecaspopularescba\/wp-json\/wp\/v2\/pages"}],"about":[{"href":"https:\/\/abibcor.org.ar\/portalbibliotecaspopularescba\/wp-json\/wp\/v2\/types\/page"}],"author":[{"embeddable":true,"href":"https:\/\/abibcor.org.ar\/portalbibliotecaspopularescba\/wp-json\/wp\/v2\/users\/3"}],"replies":[{"embeddable":true,"href":"https:\/\/abibcor.org.ar\/portalbibliotecaspopularescba\/wp-json\/wp\/v2\/comments?post=2061"}],"version-history":[{"count":10,"href":"https:\/\/abibcor.org.ar\/portalbibliotecaspopularescba\/wp-json\/wp\/v2\/pages\/2061\/revisions"}],"predecessor-version":[{"id":2066,"href":"https:\/\/abibcor.org.ar\/portalbibliotecaspopularescba\/wp-json\/wp\/v2\/pages\/2061\/revisions\/2066"}],"wp:attachment":[{"href":"https:\/\/abibcor.org.ar\/portalbibliotecaspopularescba\/wp-json\/wp\/v2\/media?parent=2061"}],"curies":[{"name":"wp","href":"https:\/\/api.w.org\/{rel}","templated":true}]}}